er when 551790 is divided by 22.
8
Calculate the remainder when 881116 is divided by 881095.
21
Calculate the remainder when 26679302 is divided by 289.
267
What is the remainder when 5409672 is divided by 1?
0
What is the remainder when 36606283 is divided by 592?
555
Calculate the remainder when 515634 is divided by 344.
322
What is the remainder when 369161 is divided by 86?
49
Calculate the remainder when 46090 is divided by 22344.
1402
What is the remainder when 15734270 is divided by 877?
13
What is the remainder when 318295 is divided by 567?
208
What is the remainder when 144998942 is divided by 1214?
1210
Calculate the remainder when 8748286 is divided by 672941.
53
What is the remainder when 88913 is divided by 14788?
185
What is the remainder when 561978 is divided by 561975?
3
Calculate the remainder when 2435423 is divided by 57986.
11
Calculate the remainder when 102009 is divided by 1855.
1839
Calculate the remainder when 62991097 is divided by 42968.
9
Calculate the remainder when 21008 is divided by 5891.
3335
What is the remainder when 4678674 is divided by 7450?
74
Calculate the remainder when 77002 is divided by 188.
110
What is the remainder when 56899816 is divided by 15420?
16
What is the remainder when 2279470 is divided by 569867?
2
Calculate the remainder when 2881803 is divided by 368.
363
What is the remainder when 130652055 is divided by 121?
6
What is the remainder when 2155973 is divided by 124?
109
What is the remainder when 50567569 is divided by 16855847?
28
Calculate the remainder when 22822255 is divided by 64288.
15
Calculate the remainder when 4135 is divided by 2021.
93
What is the remainder when 16148672 is divided by 26692?
12
What is the remainder when 641850 is divided by 54?
6
What is the remainder when 137654826 is divided by 275?
1
Calculate the remainder when 163487 is divided by 32.
31
What is the remainder when 4196400 is divided by 15600?
0
What is the remainder when 591158 is divided by 197034?
56
What is the remainder when 244750 is divided by 21755?
5445
What is the remainder when 678098 is divided by 1691?
7
What is the remainder when 11862433 is divided by 12331?
11
Calculate the remainder when 579184778 is divided by 4669.
4666
Calculate the remainder when 789222 is divided by 108.
66
What is the remainder when 5637 is divided by 1067?
302
What is the remainder when 545701 is divided by 1194?
43
What is the remainder when 163367 is divided by 112?
71
What is the remainder when 76795 is divided by 6577?
4448
Calculate the remainder when 884594 is divided by 8586.
236
Calculate the remainder when 77882 is divided by 318.
290
Calculate the remainder when 2636583 is divided by 2636561.
22
What is the remainder when 427110 is divided by 16?
6
Calculate the remainder when 5520 is divided by 1156.
896
Calculate the remainder when 671853 is divided by 202.
1
What is the remainder when 740223760 is divided by 246741250?
10
What is the remainder when 163332172 is divided by 8370?
8362
Calculate the remainder when 10591691 is divided by 2909.
22
What is the remainder when 157784 is divided by 9275?
109
Calculate the remainder when 126671154 is divided by 90.
24
Calculate the remainder when 2013245 is divided by 154.
3
Calculate the remainder when 1821792198 is divided by 19.
17
What is the remainder when 930439 is divided by 4210?
29
Calculate the remainder when 42908255 is divided by 8.
7
What is the remainder when 983814 is divided by 163966?
18
Calculate the remainder when 254608836 is divided by 1397.
1395
What is the remainder when 1471921 is divided by 158?
151
Calculate the remainder when 85024540 is divided by 67.
66
Calculate the remainder when 2189857 is divided by 56150.
7
What is the remainder when 15497391 is divided by 8984?
8975
What is the remainder when 990109 is divided by 35?
29
What is the remainder when 46690 is divided by 7302?
2878
Calculate the remainder when 160723 is divided by 17831.
244
What is the remainder when 2298863 is divided by 30?
23
What is the remainder when 176488 is divided by 174412?
2076
Calculate the remainder when 500647 is divided by 327.
10
Calculate the remainder when 136689 is divided by 22658.
741
Calculate the remainder when 1010917 is divided by 1080.
37
What is the remainder when 4199493174 is divided by 193?
191
What is the remainder when 19878507 is divided by 121954?
5
Calculate the remainder when 126918 is divided by 10.
8
Calculate the remainder when 166396 is divided by 4698.
1966
What is the remainder when 507476184 is divided by 322?
320
What is the remainder when 106360 is divided by 11593?
2023
What is the remainder when 274320 is divided by 1781?
46
Calculate the remainder when 39978885 is divided by 2402.
2399
What is the remainder when 488102 is divided by 488078?
24
What is the remainder when 4919217 is divided by 2459589?
39
What is the remainder when 8670609 is divided by 666968?
25
What is the remainder when 37874 is divided by 255?
134
What is the remainder when 1545368 is divided by 1386?
1364
Calculate the remainder when 3820698 is divided by 2012.
1922
What is the remainder when 61890 is divided by 29436?
3018
What is the remainder when 1226719 is divided by 2180?
1559
What is the remainder when 152668 is divided by 424?
28
Calculate the remainder when 2945742 is divided by 39276.
42
Calculate the remainder when 523675 is divided by 10888.
1051
Calculate the remainder when 23300747 is divided by 3852.
3851
Calculate the remainder when 149353255 is divided by 12.
7
What is the remainder when 6011585 is divided by 47?
3
What is the remainder when 4280306 is divided by 370?
146
Calculate the remainder when 2097721 is divided by 44632.
17
What is the remainder when 10610765 is divided by 107179?
44
Calculate the remainder when 358605 is divided by 241.
238
Calculate the remainder when 359597151 is divided by 798.
795
What is the remainder when 105822634 is divided by 770?
764
What is the remainder when 4682280 is divided by 17?
4
Calculate the remainder when 2102299 is divided by 944.
11
Calculate the remainder when 50138 is divided by 334.
38
Calculate the remainder when 165351 is divided by 20661.
63
Calculate the remainder when 1026520 is divided by 2632.
40
What is the remainder when 27390985 is divided by 104?
89
What is the remainder when 5649563 is divided by 7?
3
What is the remainder when 2870305 is divided by 956768?
1
What is the remainder when 11354985 is divided by 44?
37
Calculate the remainder when 15469 is divided by 4581.
1726
Calculate the remainder when 176561264 is divided by 364796.
0
What is the remainder when 6205496 is divided by 225?
221
Calculate the remainder when 481074 is divided by 334.
114
What is the remainder when 347879 is divided by 19300?
479
Calculate the remainder when 521089 is divided by 34737.
34
What is the remainder when 514710 is divided by 85773?
72
Calculate the remainder when 20392 is divided by 4969.
516
What is the remainder when 387847 is divided by 55397?
68
What is the remainder when 751105 is divided by 375483?
139
What is the remainder when 162637 is divided by 8919?
2095
What is the remainder when 127345713 is divided by 24?
9
What is the remainder when 415162 is divided by 2510?
1012
What is the remainder when 13740582 is divided by 3615?
3582
What is the remainder when 864006 is divided by 95995?
51
What is the remainder when 32171 is divided by 10497?
680
Calculate the remainder when 424174 is divided by 38558.
36
Calculate the remainder when 6207285 is divided by 147.
63
Calculate the remainder when 731006 is divided by 730979.
27
What is the remainder when 15303741 is divided by 4023?
249
Calculate the remainder when 15788249 is divided by 152.
9
Calculate the remainder when 1329192 is divided by 4111.
1339
What is the remainder when 817356 is divided by 470?
26
Calculate the remainder when 156335119 is divided by 335.
334
Calculate the remainder when 1564590 is divided by 385.
335
Calculate the remainder when 22861 is divided by 525.
286
Calculate the remainder when 4294261 is divided by 685.
681
Calculate the remainder when 3437310 is divided by 186.
30
What is the remainder when 65305259 is divided by 65305254?
5
What is the remainder when 1697560 is divided by 28?